{"id":1811,"date":"2018-12-12T17:05:12","date_gmt":"2018-12-12T17:05:12","guid":{"rendered":"http:\/\/epidermos.com\/?post_type=staff&#038;p=1811"},"modified":"2019-03-29T16:01:26","modified_gmt":"2019-03-29T16:01:26","slug":"dra-isabel-martinez-de-pablo","status":"publish","type":"staff","link":"https:\/\/epidermos.com\/en\/staff\/dra-isabel-martinez-de-pablo\/","title":{"rendered":"Dra. Isabel Mart\u00ednez de Pablo"},"content":{"rendered":"<p><strong>Dermatologist<\/strong><\/p>\n<p>Graduated in Medicine and Surgery from Navarra University (1998).<\/p>\n<p>She participated in the ERASMUS program of maxillofacial and plastic surgery at Michalon Hospital in Grenoble, France (1997). She specialized in dermatology at Clinic Hospital of Barcelona, accessing through the MIR exam with the 22nd position out of approximately 10,000 applicants. She won the prize Emili Letang of the CLinic Hospital of Barcelona. She completed the doctorate courses in BIOPATHOLOGY medicine at Barcelona University (2003-2004).<\/p>\n<p>She is currently member of the team at EPIDERMOS BCN as head of the Pediatric Dermatology unit, and attached in Dermatology clinic and early diagnosis of Skin Cancer unit. Head of Dermatology at the Hospital de Nens de Barcelona service.<\/p>\n<p>She has been the person in charge of the pigment lesions and early detection of melanoma Units \u00a0in the Institute of Dermatology S. BASSAS (2002-2013), and attached doctor of the dermatology platform and dermatological Laser BARNACL\u00cdNIC of the Clinic Health Corporation (2004-2005).<\/p>\n<p>Member of the Spanish Academy of Dermatology and Venereology (AEDV). she has published multiple scientific papers in national and international journals. She has participated in several research projects and clinical trials, and attended several congresses as a panelist<\/p>\n<p>Languages: english, spanish, catalan and french.<\/p>\n","protected":false},"excerpt":{"rendered":"<p>Dermatologist Graduated in Medicine and Surgery from Navarra University (1998). She participated in the ERASMUS program of maxillofacial and plastic surgery at Michalon Hospital in Grenoble, France (1997). She specialized in dermatology at Clinic Hospital of Barcelona, accessing through the &hellip; <a class=\"kt-excerpt-readmore\" href=\"https:\/\/epidermos.com\/en\/staff\/dra-isabel-martinez-de-pablo\/\" aria-label=\"Dra. Isabel Mart\u00ednez de Pablo\">Read More<\/a><\/p>\n","protected":false},"featured_media":1646,"menu_order":0,"template":"","staff-group":[],"class_list":["post-1811","staff","type-staff","status-publish","has-post-thumbnail","hentry"],"yoast_head":"<!-- This site is optimized with the Yoast SEO plugin v27.4 - https:\/\/yoast.com\/product\/yoast-seo-wordpress\/ -->\n<title>Dra. Isabel Mart\u00ednez de Pablo - Epidermos Instituto de dermoest\u00e9tica<\/title>\n<meta name=\"robots\" content=\"index, follow, max-snippet:-1, max-image-preview:large, max-video-preview:-1\" \/>\n<link rel=\"canonical\" href=\"https:\/\/epidermos.com\/en\/staff\/dra-isabel-martinez-de-pablo\/\" \/>\n<meta property=\"og:locale\" content=\"en_US\" \/>\n<meta property=\"og:type\" content=\"article\" \/>\n<meta property=\"og:title\" content=\"Dra. Isabel Mart\u00ednez de Pablo - Epidermos Instituto de dermoest\u00e9tica\" \/>\n<meta property=\"og:description\" content=\"Dermatologist Graduated in Medicine and Surgery from Navarra University (1998). She participated in the ERASMUS program of maxillofacial and plastic surgery at Michalon Hospital in Grenoble, France (1997). She specialized in dermatology at Clinic Hospital of Barcelona, accessing through the &hellip; Read More\" \/>\n<meta property=\"og:url\" content=\"https:\/\/epidermos.com\/en\/staff\/dra-isabel-martinez-de-pablo\/\" \/>\n<meta property=\"og:site_name\" content=\"Epidermos Instituto de dermoest\u00e9tica\" \/>\n<meta property=\"article:modified_time\" content=\"2019-03-29T16:01:26+00:00\" \/>\n<meta property=\"og:image\" content=\"https:\/\/epidermos.com\/wp-content\/uploads\/2018\/12\/dra._maria_isabel_martinez_de_pablo.jpg\" \/>\n\t<meta property=\"og:image:width\" content=\"360\" \/>\n\t<meta property=\"og:image:height\" content=\"240\" \/>\n\t<meta property=\"og:image:type\" content=\"image\/jpeg\" \/>\n<meta name=\"twitter:card\" content=\"summary_large_image\" \/>\n<meta name=\"twitter:label1\" content=\"Est. reading time\" \/>\n\t<meta name=\"twitter:data1\" content=\"1 minute\" \/>\n<script type=\"application\/ld+json\" class=\"yoast-schema-graph\">{\"@context\":\"https:\\\/\\\/schema.org\",\"@graph\":[{\"@type\":\"WebPage\",\"@id\":\"https:\\\/\\\/epidermos.com\\\/en\\\/staff\\\/dra-isabel-martinez-de-pablo\\\/\",\"url\":\"https:\\\/\\\/epidermos.com\\\/en\\\/staff\\\/dra-isabel-martinez-de-pablo\\\/\",\"name\":\"Dra. Isabel Mart\u00ednez de Pablo - Epidermos Instituto de dermoest\u00e9tica\",\"isPartOf\":{\"@id\":\"https:\\\/\\\/epidermos.com\\\/ca\\\/#website\"},\"primaryImageOfPage\":{\"@id\":\"https:\\\/\\\/epidermos.com\\\/en\\\/staff\\\/dra-isabel-martinez-de-pablo\\\/#primaryimage\"},\"image\":{\"@id\":\"https:\\\/\\\/epidermos.com\\\/en\\\/staff\\\/dra-isabel-martinez-de-pablo\\\/#primaryimage\"},\"thumbnailUrl\":\"https:\\\/\\\/epidermos.com\\\/wp-content\\\/uploads\\\/2018\\\/12\\\/dra._maria_isabel_martinez_de_pablo.jpg\",\"datePublished\":\"2018-12-12T17:05:12+00:00\",\"dateModified\":\"2019-03-29T16:01:26+00:00\",\"breadcrumb\":{\"@id\":\"https:\\\/\\\/epidermos.com\\\/en\\\/staff\\\/dra-isabel-martinez-de-pablo\\\/#breadcrumb\"},\"inLanguage\":\"en-US\",\"potentialAction\":[{\"@type\":\"ReadAction\",\"target\":[\"https:\\\/\\\/epidermos.com\\\/en\\\/staff\\\/dra-isabel-martinez-de-pablo\\\/\"]}]},{\"@type\":\"ImageObject\",\"inLanguage\":\"en-US\",\"@id\":\"https:\\\/\\\/epidermos.com\\\/en\\\/staff\\\/dra-isabel-martinez-de-pablo\\\/#primaryimage\",\"url\":\"https:\\\/\\\/epidermos.com\\\/wp-content\\\/uploads\\\/2018\\\/12\\\/dra._maria_isabel_martinez_de_pablo.jpg\",\"contentUrl\":\"https:\\\/\\\/epidermos.com\\\/wp-content\\\/uploads\\\/2018\\\/12\\\/dra._maria_isabel_martinez_de_pablo.jpg\",\"width\":360,\"height\":240},{\"@type\":\"BreadcrumbList\",\"@id\":\"https:\\\/\\\/epidermos.com\\\/en\\\/staff\\\/dra-isabel-martinez-de-pablo\\\/#breadcrumb\",\"itemListElement\":[{\"@type\":\"ListItem\",\"position\":1,\"name\":\"Portada\",\"item\":\"https:\\\/\\\/epidermos.com\\\/en\\\/\"},{\"@type\":\"ListItem\",\"position\":2,\"name\":\"Dra. Isabel Mart\u00ednez de Pablo\"}]},{\"@type\":\"WebSite\",\"@id\":\"https:\\\/\\\/epidermos.com\\\/ca\\\/#website\",\"url\":\"https:\\\/\\\/epidermos.com\\\/ca\\\/\",\"name\":\"Epidermos Instituto de dermoest\u00e9tica\",\"description\":\"Dermatolog\u00eda y Est\u00e9tica\",\"potentialAction\":[{\"@type\":\"SearchAction\",\"target\":{\"@type\":\"EntryPoint\",\"urlTemplate\":\"https:\\\/\\\/epidermos.com\\\/ca\\\/?s={search_term_string}\"},\"query-input\":{\"@type\":\"PropertyValueSpecification\",\"valueRequired\":true,\"valueName\":\"search_term_string\"}}],\"inLanguage\":\"en-US\"}]}<\/script>\n<!-- \/ Yoast SEO plugin. -->","yoast_head_json":{"title":"Dra. Isabel Mart\u00ednez de Pablo - Epidermos Instituto de dermoest\u00e9tica","robots":{"index":"index","follow":"follow","max-snippet":"max-snippet:-1","max-image-preview":"max-image-preview:large","max-video-preview":"max-video-preview:-1"},"canonical":"https:\/\/epidermos.com\/en\/staff\/dra-isabel-martinez-de-pablo\/","og_locale":"en_US","og_type":"article","og_title":"Dra. Isabel Mart\u00ednez de Pablo - Epidermos Instituto de dermoest\u00e9tica","og_description":"Dermatologist Graduated in Medicine and Surgery from Navarra University (1998). She participated in the ERASMUS program of maxillofacial and plastic surgery at Michalon Hospital in Grenoble, France (1997). She specialized in dermatology at Clinic Hospital of Barcelona, accessing through the &hellip; Read More","og_url":"https:\/\/epidermos.com\/en\/staff\/dra-isabel-martinez-de-pablo\/","og_site_name":"Epidermos Instituto de dermoest\u00e9tica","article_modified_time":"2019-03-29T16:01:26+00:00","og_image":[{"width":360,"height":240,"url":"https:\/\/epidermos.com\/wp-content\/uploads\/2018\/12\/dra._maria_isabel_martinez_de_pablo.jpg","type":"image\/jpeg"}],"twitter_card":"summary_large_image","twitter_misc":{"Est. reading time":"1 minute"},"schema":{"@context":"https:\/\/schema.org","@graph":[{"@type":"WebPage","@id":"https:\/\/epidermos.com\/en\/staff\/dra-isabel-martinez-de-pablo\/","url":"https:\/\/epidermos.com\/en\/staff\/dra-isabel-martinez-de-pablo\/","name":"Dra. Isabel Mart\u00ednez de Pablo - Epidermos Instituto de dermoest\u00e9tica","isPartOf":{"@id":"https:\/\/epidermos.com\/ca\/#website"},"primaryImageOfPage":{"@id":"https:\/\/epidermos.com\/en\/staff\/dra-isabel-martinez-de-pablo\/#primaryimage"},"image":{"@id":"https:\/\/epidermos.com\/en\/staff\/dra-isabel-martinez-de-pablo\/#primaryimage"},"thumbnailUrl":"https:\/\/epidermos.com\/wp-content\/uploads\/2018\/12\/dra._maria_isabel_martinez_de_pablo.jpg","datePublished":"2018-12-12T17:05:12+00:00","dateModified":"2019-03-29T16:01:26+00:00","breadcrumb":{"@id":"https:\/\/epidermos.com\/en\/staff\/dra-isabel-martinez-de-pablo\/#breadcrumb"},"inLanguage":"en-US","potentialAction":[{"@type":"ReadAction","target":["https:\/\/epidermos.com\/en\/staff\/dra-isabel-martinez-de-pablo\/"]}]},{"@type":"ImageObject","inLanguage":"en-US","@id":"https:\/\/epidermos.com\/en\/staff\/dra-isabel-martinez-de-pablo\/#primaryimage","url":"https:\/\/epidermos.com\/wp-content\/uploads\/2018\/12\/dra._maria_isabel_martinez_de_pablo.jpg","contentUrl":"https:\/\/epidermos.com\/wp-content\/uploads\/2018\/12\/dra._maria_isabel_martinez_de_pablo.jpg","width":360,"height":240},{"@type":"BreadcrumbList","@id":"https:\/\/epidermos.com\/en\/staff\/dra-isabel-martinez-de-pablo\/#breadcrumb","itemListElement":[{"@type":"ListItem","position":1,"name":"Portada","item":"https:\/\/epidermos.com\/en\/"},{"@type":"ListItem","position":2,"name":"Dra. Isabel Mart\u00ednez de Pablo"}]},{"@type":"WebSite","@id":"https:\/\/epidermos.com\/ca\/#website","url":"https:\/\/epidermos.com\/ca\/","name":"Epidermos Instituto de dermoest\u00e9tica","description":"Dermatolog\u00eda y Est\u00e9tica","potentialAction":[{"@type":"SearchAction","target":{"@type":"EntryPoint","urlTemplate":"https:\/\/epidermos.com\/ca\/?s={search_term_string}"},"query-input":{"@type":"PropertyValueSpecification","valueRequired":true,"valueName":"search_term_string"}}],"inLanguage":"en-US"}]}},"_links":{"self":[{"href":"https:\/\/epidermos.com\/en\/wp-json\/wp\/v2\/staff\/1811","targetHints":{"allow":["GET"]}}],"collection":[{"href":"https:\/\/epidermos.com\/en\/wp-json\/wp\/v2\/staff"}],"about":[{"href":"https:\/\/epidermos.com\/en\/wp-json\/wp\/v2\/types\/staff"}],"version-history":[{"count":1,"href":"https:\/\/epidermos.com\/en\/wp-json\/wp\/v2\/staff\/1811\/revisions"}],"predecessor-version":[{"id":1812,"href":"https:\/\/epidermos.com\/en\/wp-json\/wp\/v2\/staff\/1811\/revisions\/1812"}],"wp:featuredmedia":[{"embeddable":true,"href":"https:\/\/epidermos.com\/en\/wp-json\/wp\/v2\/media\/1646"}],"wp:attachment":[{"href":"https:\/\/epidermos.com\/en\/wp-json\/wp\/v2\/media?parent=1811"}],"wp:term":[{"taxonomy":"staff-group","embeddable":true,"href":"https:\/\/epidermos.com\/en\/wp-json\/wp\/v2\/staff-group?post=1811"}],"curies":[{"name":"wp","href":"https:\/\/api.w.org\/{rel}","templated":true}]}}

Dra. Isabel Martínez de Pablo

<p><strong>Dermatologist</strong></p>
<p>Graduated in Medicine and Surgery from Navarra University (1998).</p>
<p>She participated in the ERASMUS program of maxillofacial and plastic surgery at Michalon Hospital in Grenoble, France (1997). She specialized in dermatology at Clinic Hospital of Barcelona, accessing through the MIR exam with the 22nd position out of approximately 10,000 applicants. She won the prize Emili Letang of the CLinic Hospital of Barcelona. She completed the doctorate courses in BIOPATHOLOGY medicine at Barcelona University (2003-2004).</p>
<p>She is currently member of the team at EPIDERMOS BCN as head of the Pediatric Dermatology unit, and attached in Dermatology clinic and early diagnosis of Skin Cancer unit. Head of Dermatology at the Hospital de Nens de Barcelona service.</p>
<p>She has been the person in charge of the pigment lesions and early detection of melanoma Units  in the Institute of Dermatology S. BASSAS (2002-2013), and attached doctor of the dermatology platform and dermatological Laser BARNACLÍNIC of the Clinic Health Corporation (2004-2005).</p>
<p>Member of the Spanish Academy of Dermatology and Venereology (AEDV). she has published multiple scientific papers in national and international journals. She has participated in several research projects and clinical trials, and attended several congresses as a panelist</p>
<p>Languages: english, spanish, catalan and french.</p>

<p>Dermatologist Graduated in Medicine and Surgery from Navarra University (1998). She participated in the ERASMUS program of maxillofacial and plastic surgery at Michalon Hospital in Grenoble, France (1997). She specialized in dermatology at Clinic Hospital of Barcelona, accessing through the &hellip; <a class="kt-excerpt-readmore" href="https://epidermos.com/en/staff/dra-isabel-martinez-de-pablo/" aria-label="Dra. Isabel Martínez de Pablo">Read More</a></p>

<!-- This site is optimized with the Yoast SEO plugin v27.4 - https://yoast.com/product/yoast-seo-wordpress/ -->
<title>Dra. Isabel Martínez de Pablo - Epidermos Instituto de dermoestética</title>
<meta name="robots" content="index, follow, max-snippet:-1, max-image-preview:large, max-video-preview:-1" />
<link rel="canonical" href="https://epidermos.com/en/staff/dra-isabel-martinez-de-pablo/" />
<meta property="og:locale" content="en_US" />
<meta property="og:type" content="article" />
<meta property="og:title" content="Dra. Isabel Martínez de Pablo - Epidermos Instituto de dermoestética" />
<meta property="og:description" content="Dermatologist Graduated in Medicine and Surgery from Navarra University (1998). She participated in the ERASMUS program of maxillofacial and plastic surgery at Michalon Hospital in Grenoble, France (1997). She specialized in dermatology at Clinic Hospital of Barcelona, accessing through the &hellip; Read More" />
<meta property="og:url" content="https://epidermos.com/en/staff/dra-isabel-martinez-de-pablo/" />
<meta property="og:site_name" content="Epidermos Instituto de dermoestética" />
<meta property="article:modified_time" content="2019-03-29T16:01:26+00:00" />
<meta property="og:image" content="https://epidermos.com/wp-content/uploads/2018/12/dra._maria_isabel_martinez_de_pablo.jpg" />
	<meta property="og:image:width" content="360" />
	<meta property="og:image:height" content="240" />
	<meta property="og:image:type" content="image/jpeg" />
<meta name="twitter:card" content="summary_large_image" />
<meta name="twitter:label1" content="Est. reading time" />
	<meta name="twitter:data1" content="1 minute" />
<script type="application/ld+json" class="yoast-schema-graph">{"@context":"https:\/\/schema.org","@graph":[{"@type":"WebPage","@id":"https:\/\/epidermos.com\/en\/staff\/dra-isabel-martinez-de-pablo\/","url":"https:\/\/epidermos.com\/en\/staff\/dra-isabel-martinez-de-pablo\/","name":"Dra. Isabel Martínez de Pablo - Epidermos Instituto de dermoestética","isPartOf":{"@id":"https:\/\/epidermos.com\/ca\/#website"},"primaryImageOfPage":{"@id":"https:\/\/epidermos.com\/en\/staff\/dra-isabel-martinez-de-pablo\/#primaryimage"},"image":{"@id":"https:\/\/epidermos.com\/en\/staff\/dra-isabel-martinez-de-pablo\/#primaryimage"},"thumbnailUrl":"https:\/\/epidermos.com\/wp-content\/uploads\/2018\/12\/dra._maria_isabel_martinez_de_pablo.jpg","datePublished":"2018-12-12T17:05:12+00:00","dateModified":"2019-03-29T16:01:26+00:00","breadcrumb":{"@id":"https:\/\/epidermos.com\/en\/staff\/dra-isabel-martinez-de-pablo\/#breadcrumb"},"inLanguage":"en-US","potentialAction":[{"@type":"ReadAction","target":["https:\/\/epidermos.com\/en\/staff\/dra-isabel-martinez-de-pablo\/"]}]},{"@type":"ImageObject","inLanguage":"en-US","@id":"https:\/\/epidermos.com\/en\/staff\/dra-isabel-martinez-de-pablo\/#primaryimage","url":"https:\/\/epidermos.com\/wp-content\/uploads\/2018\/12\/dra._maria_isabel_martinez_de_pablo.jpg","contentUrl":"https:\/\/epidermos.com\/wp-content\/uploads\/2018\/12\/dra._maria_isabel_martinez_de_pablo.jpg","width":360,"height":240},{"@type":"BreadcrumbList","@id":"https:\/\/epidermos.com\/en\/staff\/dra-isabel-martinez-de-pablo\/#breadcrumb","itemListElement":[{"@type":"ListItem","position":1,"name":"Portada","item":"https:\/\/epidermos.com\/en\/"},{"@type":"ListItem","position":2,"name":"Dra. Isabel Martínez de Pablo"}]},{"@type":"WebSite","@id":"https:\/\/epidermos.com\/ca\/#website","url":"https:\/\/epidermos.com\/ca\/","name":"Epidermos Instituto de dermoestética","description":"Dermatología y Estética","potentialAction":[{"@type":"SearchAction","target":{"@type":"EntryPoint","urlTemplate":"https:\/\/epidermos.com\/ca\/?s={search_term_string}"},"query-input":{"@type":"PropertyValueSpecification","valueRequired":true,"valueName":"search_term_string"}}],"inLanguage":"en-US"}]}</script>
<!-- / Yoast SEO plugin. -->

Dra. Isabel Martínez de Pablo - Epidermos Instituto de dermoestética

Epidermos Instituto de dermoestética

Dermatología y Estética
