{"id":1822,"date":"2018-12-12T17:20:45","date_gmt":"2018-12-12T17:20:45","guid":{"rendered":"http:\/\/epidermos.com\/staff\/sra-stela-marincea\/"},"modified":"2019-03-29T16:02:39","modified_gmt":"2019-03-29T16:02:39","slug":"sra-stela-marincea","status":"publish","type":"staff","link":"https:\/\/epidermos.com\/en\/staff\/sra-stela-marincea\/","title":{"rendered":"Sra. Stela Marincea"},"content":{"rendered":"<p>Professional trajectory in the area of aesthetics and facial and body health and beauty therapies.<\/p>\n<p>Technician in Nursing Auxiliary Care with extensive experience in various treatment protocols, therapies and appliances.<\/p>\n<p>Expert in Laser, IPL, radiofrequency, Photodynamic Therapy, Biophotonic Therapy, mesotherapy, peelings, hair therapies, and acne treatments.<\/p>\n<p>Expert in cosmetic advice on the care of healthy skin (Medical Cosmetics).<\/p>\n","protected":false},"excerpt":{"rendered":"<p>Professional trajectory in the area of aesthetics and facial and body health and beauty therapies. Technician in Nursing Auxiliary Care with extensive experience in various treatment protocols, therapies and appliances. Expert in Laser, IPL, radiofrequency, Photodynamic Therapy, Biophotonic Therapy, mesotherapy, &hellip; <a class=\"kt-excerpt-readmore\" href=\"https:\/\/epidermos.com\/en\/staff\/sra-stela-marincea\/\" aria-label=\"Sra. Stela Marincea\">Read More<\/a><\/p>\n","protected":false},"featured_media":1652,"menu_order":0,"template":"","staff-group":[],"class_list":["post-1822","staff","type-staff","status-publish","has-post-thumbnail","hentry"],"yoast_head":"<!-- This site is optimized with the Yoast SEO plugin v27.4 - https:\/\/yoast.com\/product\/yoast-seo-wordpress\/ -->\n<title>Sra. Stela Marincea - Epidermos Instituto de dermoest\u00e9tica<\/title>\n<meta name=\"robots\" content=\"index, follow, max-snippet:-1, max-image-preview:large, max-video-preview:-1\" \/>\n<link rel=\"canonical\" href=\"https:\/\/epidermos.com\/en\/staff\/sra-stela-marincea\/\" \/>\n<meta property=\"og:locale\" content=\"en_US\" \/>\n<meta property=\"og:type\" content=\"article\" \/>\n<meta property=\"og:title\" content=\"Sra. Stela Marincea - Epidermos Instituto de dermoest\u00e9tica\" \/>\n<meta property=\"og:description\" content=\"Professional trajectory in the area of aesthetics and facial and body health and beauty therapies. Technician in Nursing Auxiliary Care with extensive experience in various treatment protocols, therapies and appliances. Expert in Laser, IPL, radiofrequency, Photodynamic Therapy, Biophotonic Therapy, mesotherapy, &hellip; Read More\" \/>\n<meta property=\"og:url\" content=\"https:\/\/epidermos.com\/en\/staff\/sra-stela-marincea\/\" \/>\n<meta property=\"og:site_name\" content=\"Epidermos Instituto de dermoest\u00e9tica\" \/>\n<meta property=\"article:modified_time\" content=\"2019-03-29T16:02:39+00:00\" \/>\n<meta property=\"og:image\" content=\"https:\/\/epidermos.com\/wp-content\/uploads\/2018\/12\/Stela_Marincea.jpg\" \/>\n\t<meta property=\"og:image:width\" content=\"360\" \/>\n\t<meta property=\"og:image:height\" content=\"240\" \/>\n\t<meta property=\"og:image:type\" content=\"image\/jpeg\" \/>\n<meta name=\"twitter:card\" content=\"summary_large_image\" \/>\n<script type=\"application\/ld+json\" class=\"yoast-schema-graph\">{\"@context\":\"https:\\\/\\\/schema.org\",\"@graph\":[{\"@type\":\"WebPage\",\"@id\":\"https:\\\/\\\/epidermos.com\\\/en\\\/staff\\\/sra-stela-marincea\\\/\",\"url\":\"https:\\\/\\\/epidermos.com\\\/en\\\/staff\\\/sra-stela-marincea\\\/\",\"name\":\"Sra. Stela Marincea - Epidermos Instituto de dermoest\u00e9tica\",\"isPartOf\":{\"@id\":\"https:\\\/\\\/epidermos.com\\\/ca\\\/#website\"},\"primaryImageOfPage\":{\"@id\":\"https:\\\/\\\/epidermos.com\\\/en\\\/staff\\\/sra-stela-marincea\\\/#primaryimage\"},\"image\":{\"@id\":\"https:\\\/\\\/epidermos.com\\\/en\\\/staff\\\/sra-stela-marincea\\\/#primaryimage\"},\"thumbnailUrl\":\"https:\\\/\\\/epidermos.com\\\/wp-content\\\/uploads\\\/2018\\\/12\\\/Stela_Marincea.jpg\",\"datePublished\":\"2018-12-12T17:20:45+00:00\",\"dateModified\":\"2019-03-29T16:02:39+00:00\",\"breadcrumb\":{\"@id\":\"https:\\\/\\\/epidermos.com\\\/en\\\/staff\\\/sra-stela-marincea\\\/#breadcrumb\"},\"inLanguage\":\"en-US\",\"potentialAction\":[{\"@type\":\"ReadAction\",\"target\":[\"https:\\\/\\\/epidermos.com\\\/en\\\/staff\\\/sra-stela-marincea\\\/\"]}]},{\"@type\":\"ImageObject\",\"inLanguage\":\"en-US\",\"@id\":\"https:\\\/\\\/epidermos.com\\\/en\\\/staff\\\/sra-stela-marincea\\\/#primaryimage\",\"url\":\"https:\\\/\\\/epidermos.com\\\/wp-content\\\/uploads\\\/2018\\\/12\\\/Stela_Marincea.jpg\",\"contentUrl\":\"https:\\\/\\\/epidermos.com\\\/wp-content\\\/uploads\\\/2018\\\/12\\\/Stela_Marincea.jpg\",\"width\":360,\"height\":240},{\"@type\":\"BreadcrumbList\",\"@id\":\"https:\\\/\\\/epidermos.com\\\/en\\\/staff\\\/sra-stela-marincea\\\/#breadcrumb\",\"itemListElement\":[{\"@type\":\"ListItem\",\"position\":1,\"name\":\"Portada\",\"item\":\"https:\\\/\\\/epidermos.com\\\/en\\\/\"},{\"@type\":\"ListItem\",\"position\":2,\"name\":\"Sra. Stela Marincea\"}]},{\"@type\":\"WebSite\",\"@id\":\"https:\\\/\\\/epidermos.com\\\/ca\\\/#website\",\"url\":\"https:\\\/\\\/epidermos.com\\\/ca\\\/\",\"name\":\"Epidermos Instituto de dermoest\u00e9tica\",\"description\":\"Dermatolog\u00eda y Est\u00e9tica\",\"potentialAction\":[{\"@type\":\"SearchAction\",\"target\":{\"@type\":\"EntryPoint\",\"urlTemplate\":\"https:\\\/\\\/epidermos.com\\\/ca\\\/?s={search_term_string}\"},\"query-input\":{\"@type\":\"PropertyValueSpecification\",\"valueRequired\":true,\"valueName\":\"search_term_string\"}}],\"inLanguage\":\"en-US\"}]}<\/script>\n<!-- \/ Yoast SEO plugin. -->","yoast_head_json":{"title":"Sra. Stela Marincea - Epidermos Instituto de dermoest\u00e9tica","robots":{"index":"index","follow":"follow","max-snippet":"max-snippet:-1","max-image-preview":"max-image-preview:large","max-video-preview":"max-video-preview:-1"},"canonical":"https:\/\/epidermos.com\/en\/staff\/sra-stela-marincea\/","og_locale":"en_US","og_type":"article","og_title":"Sra. Stela Marincea - Epidermos Instituto de dermoest\u00e9tica","og_description":"Professional trajectory in the area of aesthetics and facial and body health and beauty therapies. Technician in Nursing Auxiliary Care with extensive experience in various treatment protocols, therapies and appliances. Expert in Laser, IPL, radiofrequency, Photodynamic Therapy, Biophotonic Therapy, mesotherapy, &hellip; Read More","og_url":"https:\/\/epidermos.com\/en\/staff\/sra-stela-marincea\/","og_site_name":"Epidermos Instituto de dermoest\u00e9tica","article_modified_time":"2019-03-29T16:02:39+00:00","og_image":[{"width":360,"height":240,"url":"https:\/\/epidermos.com\/wp-content\/uploads\/2018\/12\/Stela_Marincea.jpg","type":"image\/jpeg"}],"twitter_card":"summary_large_image","schema":{"@context":"https:\/\/schema.org","@graph":[{"@type":"WebPage","@id":"https:\/\/epidermos.com\/en\/staff\/sra-stela-marincea\/","url":"https:\/\/epidermos.com\/en\/staff\/sra-stela-marincea\/","name":"Sra. Stela Marincea - Epidermos Instituto de dermoest\u00e9tica","isPartOf":{"@id":"https:\/\/epidermos.com\/ca\/#website"},"primaryImageOfPage":{"@id":"https:\/\/epidermos.com\/en\/staff\/sra-stela-marincea\/#primaryimage"},"image":{"@id":"https:\/\/epidermos.com\/en\/staff\/sra-stela-marincea\/#primaryimage"},"thumbnailUrl":"https:\/\/epidermos.com\/wp-content\/uploads\/2018\/12\/Stela_Marincea.jpg","datePublished":"2018-12-12T17:20:45+00:00","dateModified":"2019-03-29T16:02:39+00:00","breadcrumb":{"@id":"https:\/\/epidermos.com\/en\/staff\/sra-stela-marincea\/#breadcrumb"},"inLanguage":"en-US","potentialAction":[{"@type":"ReadAction","target":["https:\/\/epidermos.com\/en\/staff\/sra-stela-marincea\/"]}]},{"@type":"ImageObject","inLanguage":"en-US","@id":"https:\/\/epidermos.com\/en\/staff\/sra-stela-marincea\/#primaryimage","url":"https:\/\/epidermos.com\/wp-content\/uploads\/2018\/12\/Stela_Marincea.jpg","contentUrl":"https:\/\/epidermos.com\/wp-content\/uploads\/2018\/12\/Stela_Marincea.jpg","width":360,"height":240},{"@type":"BreadcrumbList","@id":"https:\/\/epidermos.com\/en\/staff\/sra-stela-marincea\/#breadcrumb","itemListElement":[{"@type":"ListItem","position":1,"name":"Portada","item":"https:\/\/epidermos.com\/en\/"},{"@type":"ListItem","position":2,"name":"Sra. Stela Marincea"}]},{"@type":"WebSite","@id":"https:\/\/epidermos.com\/ca\/#website","url":"https:\/\/epidermos.com\/ca\/","name":"Epidermos Instituto de dermoest\u00e9tica","description":"Dermatolog\u00eda y Est\u00e9tica","potentialAction":[{"@type":"SearchAction","target":{"@type":"EntryPoint","urlTemplate":"https:\/\/epidermos.com\/ca\/?s={search_term_string}"},"query-input":{"@type":"PropertyValueSpecification","valueRequired":true,"valueName":"search_term_string"}}],"inLanguage":"en-US"}]}},"_links":{"self":[{"href":"https:\/\/epidermos.com\/en\/wp-json\/wp\/v2\/staff\/1822","targetHints":{"allow":["GET"]}}],"collection":[{"href":"https:\/\/epidermos.com\/en\/wp-json\/wp\/v2\/staff"}],"about":[{"href":"https:\/\/epidermos.com\/en\/wp-json\/wp\/v2\/types\/staff"}],"version-history":[{"count":2,"href":"https:\/\/epidermos.com\/en\/wp-json\/wp\/v2\/staff\/1822\/revisions"}],"predecessor-version":[{"id":1824,"href":"https:\/\/epidermos.com\/en\/wp-json\/wp\/v2\/staff\/1822\/revisions\/1824"}],"wp:featuredmedia":[{"embeddable":true,"href":"https:\/\/epidermos.com\/en\/wp-json\/wp\/v2\/media\/1652"}],"wp:attachment":[{"href":"https:\/\/epidermos.com\/en\/wp-json\/wp\/v2\/media?parent=1822"}],"wp:term":[{"taxonomy":"staff-group","embeddable":true,"href":"https:\/\/epidermos.com\/en\/wp-json\/wp\/v2\/staff-group?post=1822"}],"curies":[{"name":"wp","href":"https:\/\/api.w.org\/{rel}","templated":true}]}}

<!-- This site is optimized with the Yoast SEO plugin v27.4 - https://yoast.com/product/yoast-seo-wordpress/ -->
<title>Sra. Stela Marincea - Epidermos Instituto de dermoestética</title>
<meta name="robots" content="index, follow, max-snippet:-1, max-image-preview:large, max-video-preview:-1" />
<link rel="canonical" href="https://epidermos.com/en/staff/sra-stela-marincea/" />
<meta property="og:locale" content="en_US" />
<meta property="og:type" content="article" />
<meta property="og:title" content="Sra. Stela Marincea - Epidermos Instituto de dermoestética" />
<meta property="og:description" content="Professional trajectory in the area of aesthetics and facial and body health and beauty therapies. Technician in Nursing Auxiliary Care with extensive experience in various treatment protocols, therapies and appliances. Expert in Laser, IPL, radiofrequency, Photodynamic Therapy, Biophotonic Therapy, mesotherapy, &hellip; Read More" />
<meta property="og:url" content="https://epidermos.com/en/staff/sra-stela-marincea/" />
<meta property="og:site_name" content="Epidermos Instituto de dermoestética" />
<meta property="article:modified_time" content="2019-03-29T16:02:39+00:00" />
<meta property="og:image" content="https://epidermos.com/wp-content/uploads/2018/12/Stela_Marincea.jpg" />
	<meta property="og:image:width" content="360" />
	<meta property="og:image:height" content="240" />
	<meta property="og:image:type" content="image/jpeg" />
<meta name="twitter:card" content="summary_large_image" />
<script type="application/ld+json" class="yoast-schema-graph">{"@context":"https:\/\/schema.org","@graph":[{"@type":"WebPage","@id":"https:\/\/epidermos.com\/en\/staff\/sra-stela-marincea\/","url":"https:\/\/epidermos.com\/en\/staff\/sra-stela-marincea\/","name":"Sra. Stela Marincea - Epidermos Instituto de dermoestética","isPartOf":{"@id":"https:\/\/epidermos.com\/ca\/#website"},"primaryImageOfPage":{"@id":"https:\/\/epidermos.com\/en\/staff\/sra-stela-marincea\/#primaryimage"},"image":{"@id":"https:\/\/epidermos.com\/en\/staff\/sra-stela-marincea\/#primaryimage"},"thumbnailUrl":"https:\/\/epidermos.com\/wp-content\/uploads\/2018\/12\/Stela_Marincea.jpg","datePublished":"2018-12-12T17:20:45+00:00","dateModified":"2019-03-29T16:02:39+00:00","breadcrumb":{"@id":"https:\/\/epidermos.com\/en\/staff\/sra-stela-marincea\/#breadcrumb"},"inLanguage":"en-US","potentialAction":[{"@type":"ReadAction","target":["https:\/\/epidermos.com\/en\/staff\/sra-stela-marincea\/"]}]},{"@type":"ImageObject","inLanguage":"en-US","@id":"https:\/\/epidermos.com\/en\/staff\/sra-stela-marincea\/#primaryimage","url":"https:\/\/epidermos.com\/wp-content\/uploads\/2018\/12\/Stela_Marincea.jpg","contentUrl":"https:\/\/epidermos.com\/wp-content\/uploads\/2018\/12\/Stela_Marincea.jpg","width":360,"height":240},{"@type":"BreadcrumbList","@id":"https:\/\/epidermos.com\/en\/staff\/sra-stela-marincea\/#breadcrumb","itemListElement":[{"@type":"ListItem","position":1,"name":"Portada","item":"https:\/\/epidermos.com\/en\/"},{"@type":"ListItem","position":2,"name":"Sra. Stela Marincea"}]},{"@type":"WebSite","@id":"https:\/\/epidermos.com\/ca\/#website","url":"https:\/\/epidermos.com\/ca\/","name":"Epidermos Instituto de dermoestética","description":"Dermatología y Estética","potentialAction":[{"@type":"SearchAction","target":{"@type":"EntryPoint","urlTemplate":"https:\/\/epidermos.com\/ca\/?s={search_term_string}"},"query-input":{"@type":"PropertyValueSpecification","valueRequired":true,"valueName":"search_term_string"}}],"inLanguage":"en-US"}]}</script>
<!-- / Yoast SEO plugin. -->

Sra. Stela Marincea - Epidermos Instituto de dermoestética

Epidermos Instituto de dermoestética

Dermatología y Estética
